{"id":2584,"date":"2017-08-21T15:27:00","date_gmt":"2017-08-21T15:27:00","guid":{"rendered":"http:\/\/www.interciencia.net\/?page_id=2584"},"modified":"2017-09-27T10:34:25","modified_gmt":"2017-09-27T10:34:25","slug":"a-revista","status":"publish","type":"page","link":"https:\/\/www.interciencia.net\/pt\/acerca-de\/a-revista\/","title":{"rendered":"A Revista"},"content":{"rendered":"<div style='padding-bottom:10px;' class='av-special-heading av-special-heading-h2   '><h2 class='av-special-heading-tag'  itemprop=\"headline\"  >A Revista<\/h2><div class='special-heading-border'><div class='special-heading-inner-border' ><\/div><\/div><\/div>\n<section class=\"av_textblock_section\"  itemscope=\"itemscope\" itemtype=\"https:\/\/schema.org\/CreativeWork\" ><div class='avia_textblock '   itemprop=\"text\" ><div style=\"text-align: justify;\">\n<p>A revista Interci\u00eancia \u00e9 uma publica\u00e7\u00e3o multidisciplinar mensal da Associa\u00e7\u00e3o INTERCI\u00caNCIA. Est\u00e1 dedicada a estimular a investiga\u00e7\u00e3o cient\u00edfica, seu uso humanit\u00e1rio e o estudo de seu contexto social, especialmente na Am\u00e9rica Latina e o Caribe, assim como a fomentar a comunica\u00e7\u00e3o entre as comunidades cient\u00edficas e tecnol\u00f3gicas de Am\u00e9rica.<\/p>\n<p>Interci\u00eancia tem sido publicada ininterrompidamente desde 1976. Seu Editor Fundador, Marcel Roche (m\u00e9dico endocrinologista e soci\u00f3logo da ci\u00eancia) dirigiu a revista at\u00e9 2008, ano a partir do qual Miguel Laufer (m\u00e9dico neurobi\u00f3logo) ocupa o cargo. Desde 1978 tem estado inclu\u00edda em ISI e outros numerosos \u00edndices internacionais, e desde o ano 2009 mant\u00eam uma vers\u00e3o eletr\u00f4nica de livre acesso com material do ano 2005 em diante.<\/p>\n<p>Sem ser excludentes, as \u00e1reas priorit\u00e1rias da revista s\u00e3o: Agronomia, Alimentos e Nutri\u00e7\u00e3o; Biotecnologia, Bosques Tropicais, Ecologia e Ambiente; Educa\u00e7\u00e3o Cient\u00edfica, Energia, Estudo e Sociologia da Ci\u00eancia; Inova\u00e7\u00e3o e Transfer\u00eancia de Tecnologia; Pol\u00edtica Cient\u00edfica, Recursos Marinhos, Recursos n\u00e3o Renov\u00e1veis, e Terras \u00c1ridas.<\/p>\n<p>Interci\u00eancia publica, em espanhol, portugu\u00eas e ingl\u00eas,\u00a0artigos de investiga\u00e7\u00e3o e de revis\u00e3o, relat\u00f3rios e ensaios que, em sua totalidade, s\u00e3o submetidos a arbitragem. Adicionalmente incluem se\u00e7\u00f5es n\u00e3o arbitradas tais como Editorial, Cartas ao Editor, Sess\u00f5es P\u00fablicas de C\u00e2mara Municipal, Revis\u00f5es de Livros e Eventos Vindouros.<\/p>\n<p>Todo o material submetido para sua publica\u00e7\u00e3o e aceito pelo Comit\u00ea Editorial da revista, considerando sua qualidade e pertin\u00eancia, \u00e9 submetido a arbitragem de duplas de especialistas nos respectivos campos do saber. Os artigos publicados s\u00e3o responsabilidade de seus autores e n\u00e3o da Associa\u00e7\u00e3o INTERCI\u00caNCIA, nem da revista ou das Institui\u00e7\u00f5es \u00e0s quais pertencem os autores.<\/p>\n<\/div>\n<\/div><\/section>\n","protected":false},"excerpt":{"rendered":"","protected":false},"author":1,"featured_media":0,"parent":2,"menu_order":0,"comment_status":"closed","ping_status":"closed","template":"","meta":[],"_links":{"self":[{"href":"https:\/\/www.interciencia.net\/pt\/wp-json\/wp\/v2\/pages\/2584"}],"collection":[{"href":"https:\/\/www.interciencia.net\/pt\/wp-json\/wp\/v2\/pages"}],"about":[{"href":"https:\/\/www.interciencia.net\/pt\/wp-json\/wp\/v2\/types\/page"}],"author":[{"embeddable":true,"href":"https:\/\/www.interciencia.net\/pt\/wp-json\/wp\/v2\/users\/1"}],"replies":[{"embeddable":true,"href":"https:\/\/www.interciencia.net\/pt\/wp-json\/wp\/v2\/comments?post=2584"}],"version-history":[{"count":6,"href":"https:\/\/www.interciencia.net\/pt\/wp-json\/wp\/v2\/pages\/2584\/revisions"}],"predecessor-version":[{"id":3088,"href":"https:\/\/www.interciencia.net\/pt\/wp-json\/wp\/v2\/pages\/2584\/revisions\/3088"}],"up":[{"embeddable":true,"href":"https:\/\/www.interciencia.net\/pt\/wp-json\/wp\/v2\/pages\/2"}],"wp:attachment":[{"href":"https:\/\/www.interciencia.net\/pt\/wp-json\/wp\/v2\/media?parent=2584"}],"curies":[{"name":"wp","href":"https:\/\/api.w.org\/{rel}","templated":true}]}}

<div style='padding-bottom:10px;' class='av-special-heading av-special-heading-h2   '><h2 class='av-special-heading-tag'  itemprop="headline"  >A Revista</h2><div class='special-heading-border'><div class='special-heading-inner-border' ></div></div></div>
<section class="av_textblock_section"  itemscope="itemscope" itemtype="https://schema.org/CreativeWork" ><div class='avia_textblock '   itemprop="text" ><div style="text-align: justify;">
<p>A revista Interciência é uma publicação multidisciplinar mensal da Associação INTERCIÊNCIA. Está dedicada a estimular a investigação científica, seu uso humanitário e o estudo de seu contexto social, especialmente na América Latina e o Caribe, assim como a fomentar a comunicação entre as comunidades científicas e tecnológicas de América.</p>
<p>Interciência tem sido publicada ininterrompidamente desde 1976. Seu Editor Fundador, Marcel Roche (médico endocrinologista e sociólogo da ciência) dirigiu a revista até 2008, ano a partir do qual Miguel Laufer (médico neurobiólogo) ocupa o cargo. Desde 1978 tem estado incluída em ISI e outros numerosos índices internacionais, e desde o ano 2009 mantêm uma versão eletrônica de livre acesso com material do ano 2005 em diante.</p>
<p>Sem ser excludentes, as áreas prioritárias da revista são: Agronomia, Alimentos e Nutrição; Biotecnologia, Bosques Tropicais, Ecologia e Ambiente; Educação Científica, Energia, Estudo e Sociologia da Ciência; Inovação e Transferência de Tecnologia; Política Científica, Recursos Marinhos, Recursos não Renováveis, e Terras Áridas.</p>
<p>Interciência publica, em espanhol, português e inglês, artigos de investigação e de revisão, relatórios e ensaios que, em sua totalidade, são submetidos a arbitragem. Adicionalmente incluem seções não arbitradas tais como Editorial, Cartas ao Editor, Sessões Públicas de Câmara Municipal, Revisões de Livros e Eventos Vindouros.</p>
<p>Todo o material submetido para sua publicação e aceito pelo Comitê Editorial da revista, considerando sua qualidade e pertinência, é submetido a arbitragem de duplas de especialistas nos respectivos campos do saber. Os artigos publicados são responsabilidade de seus autores e não da Associação INTERCIÊNCIA, nem da revista ou das Instituições às quais pertencem os autores.</p>
</div>
</div></section>
